e remainder when 815332 is divided by 39?
37
Calculate the remainder when 883878 is divided by 143.
138
Calculate the remainder when 16189 is divided by 23.
20
What is the remainder when 8496 is divided by 123?
9
What is the remainder when 33582 is divided by 884?
874
What is the remainder when 179555 is divided by 11222?
3
Calculate the remainder when 15311 is divided by 696.
695
Calculate the remainder when 4160 is divided by 121.
46
Calculate the remainder when 64991 is divided by 34.
17
What is the remainder when 10528 is divided by 46?
40
Calculate the remainder when 34378 is divided by 12.
10
Calculate the remainder when 58404 is divided by 19.
17
What is the remainder when 351550 is divided by 440?
430
Calculate the remainder when 177153 is divided by 7.
4
Calculate the remainder when 8207 is divided by 8196.
11
Calculate the remainder when 25754 is divided by 47.
45
What is the remainder when 14961 is divided by 3509?
925
What is the remainder when 108681 is divided by 49?
48
Calculate the remainder when 2328 is divided by 73.
65
What is the remainder when 63182 is divided by 194?
132
Calculate the remainder when 62095 is divided by 122.
119
What is the remainder when 1018452 is divided by 209?
204
Calculate the remainder when 6207 is divided by 1541.
43
Calculate the remainder when 11468 is divided by 155.
153
Calculate the remainder when 406835 is divided by 40681.
25
What is the remainder when 24280 is divided by 247?
74
What is the remainder when 7330 is divided by 1216?
34
Calculate the remainder when 56375 is divided by 16.
7
Calculate the remainder when 231623 is divided by 164.
55
Calculate the remainder when 31716 is divided by 1221.
1191
What is the remainder when 99584 is divided by 986?
984
What is the remainder when 8740 is divided by 323?
19
Calculate the remainder when 6945 is divided by 31.
1
What is the remainder when 3520 is divided by 235?
230
What is the remainder when 2996 is divided by 864?
404
What is the remainder when 11841 is divided by 62?
61
What is the remainder when 275219 is divided by 101?
95
What is the remainder when 117203 is divided by 120?
83
Calculate the remainder when 1589 is divided by 123.
113
What is the remainder when 217083 is divided by 25?
8
What is the remainder when 23722 is divided by 2964?
10
What is the remainder when 2074 is divided by 2022?
52
What is the remainder when 14825 is divided by 69?
59
Calculate the remainder when 2770 is divided by 536.
90
What is the remainder when 2551 is divided by 16?
7
What is the remainder when 4692 is divided by 26?
12
What is the remainder when 221928 is divided by 11680?
8
What is the remainder when 563157 is divided by 55?
12
Calculate the remainder when 2127 is divided by 472.
239
What is the remainder when 366731 is divided by 366?
365
Calculate the remainder when 881 is divided by 256.
113
What is the remainder when 203889 is divided by 42?
21
What is the remainder when 169184 is divided by 9396?
56
What is the remainder when 10433 is divided by 34?
29
What is the remainder when 20024 is divided by 10006?
12
What is the remainder when 2007 is divided by 536?
399
Calculate the remainder when 16108 is divided by 119.
43
Calculate the remainder when 20148 is divided by 2877.
9
What is the remainder when 2839719 is divided by 559?
558
Calculate the remainder when 8015 is divided by 860.
275
Calculate the remainder when 33660 is divided by 936.
900
What is the remainder when 1869 is divided by 47?
36
Calculate the remainder when 31415 is divided by 15703.
9
What is the remainder when 31369 is divided by 49?
9
Calculate the remainder when 4937577 is divided by 5.
2
Calculate the remainder when 506609 is divided by 808.
801
What is the remainder when 109241 is divided by 47?
13
Calculate the remainder when 4091 is divided by 743.
376
What is the remainder when 111178 is divided by 71?
63
What is the remainder when 26647 is divided by 50?
47
Calculate the remainder when 145164 is divided by 381.
3
What is the remainder when 323 is divided by 162?
161
What is the remainder when 171006 is divided by 167?
165
Calculate the remainder when 47583 is divided by 23790.
3
What is the remainder when 30994 is divided by 24?
10
Calculate the remainder when 133283 is divided by 3808.
3
What is the remainder when 12082 is divided by 1014?
928
What is the remainder when 4992 is divided by 54?
24
What is the remainder when 568539 is divided by 6?
3
Calculate the remainder when 369739 is divided by 278.
277
Calculate the remainder when 9440 is divided by 80.
0
What is the remainder when 365748 is divided by 175?
173
Calculate the remainder when 534 is divided by 523.
11
Calculate the remainder when 41721 is divided by 5212.
25
Calculate the remainder when 51082 is divided by 108.
106
Calculate the remainder when 2239 is divided by 45.
34
What is the remainder when 2524 is divided by 817?
73
What is the remainder when 49277 is divided by 24614?
49
Calculate the remainder when 27110 is divided by 113.
103
What is the remainder when 6459 is divided by 280?
19
Calculate the remainder when 213 is divided by 66.
15
Calculate the remainder when 53728 is divided by 76.
72
What is the remainder when 404410 is divided by 142?
136
What is the remainder when 420566 is divided by 52569?
14
Calculate the remainder when 679777 is divided by 135955.
2
Calculate the remainder when 118726 is divided by 39568.
22
What is the remainder when 35887 is divided by 1087?
16
What is the remainder when 3863 is divided by 20?
3
Calculate the remainder when 17 is divided by 15.
2
Calculate the remainder when 2812 is divided by 1401.
10
What is the remainder when 106653 is divided by 48?
45
What is the remainder when 4263 is divided by 70?
63
What is the remainder when 115205 is divided by 82?
77
Calculate the remainder when 7664 is divided by 41.
38
Calculate the remainder when 38541 is divided by 88.
85
What is the remainder when 10389 is divided by 9674?
715
What is the remainder when 3113 is divided by 184?
169
Calculate the remainder when 6579 is divided by 29.
25
Calculate the remainder when 392199 is divided by 33.
27
Calculate the remainder when 109622 is divided by 906.
902
Calculate the remainder when 134357 is divided by 42.
41
What is the remainder when 2203 is divided by 766?
671
Calculate the remainder when 55876 is divided by 3286.
14
What is the remainder when 2955 is divided by 250?
205
What is the remainder when 18751 is divided by 10?
1
What is the remainder when 7185 is divided by 399?
3
What is the remainder when 761 is divided by 100?
61
What is the remainder when 2484918 is divided by 740?
738
What is the remainder when 15335 is divided by 15319?
16
What is the remainder when 13222 is divided by 1831?
405
Calculate the remainder when 510 is divided by 156.
42
What is the remainder when 3645 is divided by 1025?
570
What is the remainder when 13665 is divided by 4525?
90
Calculate the remainder when 121213 is divided by 2203.
48
What is the remainder when 1025 is divided by 205?
0
What is the remainder when 504 is divided by 414?
90
Calculate the remainder when 24098 is divided by 21.
11
Calculate the remainder when 13671 is divided by 455.
21
What is the remainder when 9825 is divided by 84?
81
Calculate the remainder when 4415 is divided by 13.
8
What is the remainder when 12572 is divided by 335?
177
What is the remainder when 6746 is divided by 1674?
50
What is the remainder when 261762 is divided by 104?
98
Calculate the remainder when 52307 is divided by 141.
137
What is the remainder when 18022 is divided by 3599?
27
Calculate the remainder when 42726 is divided by 10.
6
Calculate the remainder when 565649 is divided by 838.
837
Calculate the remainder when 14568 is divided by 235.
233
What is the remainder when 328695 is divided by 65734?
25
What is the remainder when 2449 is divided by 475?
74
Calculate the remainder when 415441 is divided by 511.
509
Calculate the remainder when 24527 is divided by 646.
625
What is the remainder when 21350 is divided by 821?
4
What is the remainder when 34747 is divided by 10?
7
Calculate the remainder when 3159 is divided by 1028.
75
Calculate the remainder when 64757 is divided by 16163.
105
Calculate the remainder when 9642